{"id":46,"date":"2019-04-02T12:12:32","date_gmt":"2019-04-02T10:12:32","guid":{"rendered":"https:\/\/projekte.uni-erfurt.de\/efosi\/?page_id=46"},"modified":"2022-03-01T17:02:48","modified_gmt":"2022-03-01T16:02:48","slug":"os-in-der-lehre","status":"publish","type":"page","link":"https:\/\/projekte.uni-erfurt.de\/efosi\/os-in-der-lehre\/","title":{"rendered":"Open Science in der Lehre"},"content":{"rendered":"\n<h2><strong>Lehrveranstaltungen, in denen Open Science Praktiken in studentischen Arbeiten gefordert und umgesetzt wurden:<\/strong><\/h2>\n\n\n\n<p><em>zum Beispiel durch Pr\u00e4registrierung der Studie; Ver\u00f6ffentlichung der Pr\u00e4registrierung und\/oder Daten auf OSF; Durchf\u00fchrung einer Replikationsstudie wie CREP<\/em><\/p>\n\n\n\n<h3>Bachelor Kommunikationswissenschaften<\/h3>\n\n\n\n<ul><li>Medienwirkungsforschung DIY (DozentInnen: C. Betsch)<\/li><li>PSP (DozentInnen: C. Betsch)<\/li><li>Wissenschaftliches Wissen und empirische Sozialforschung (Dozent: F. Prochazka)<\/li><\/ul>\n\n\n\n<h3>Bachelor Lehr-, Lern- und Trainingspsychologie<\/h3>\n\n\n\n<ul><li>Empirisches Praktikum (DozentInnen: L. A\u00dfmann, C. Betsch, N. Haase, C. Johannes, F. Renkewitz, L. Steinmeyer)<\/li><li>Projektseminar (DozentInnen: N. Haase, J. Schweppe)<\/li><\/ul>\n\n\n\n<h3>Master Gesundheitskommunikation<\/h3>\n\n\n\n<ul><li>Forschungsmethoden (DozentInnen: C. Betsch)<\/li><\/ul>\n\n\n\n<h2><strong>Lehrveranstaltungen, in denen die Replikationskrise und\/oder Open Science thematisiert wurden:<\/strong><\/h2>\n\n\n\n<p><em>zum Bespiel durch Vermittlung der Replikationskrise; Bedeutung von Replikation, Inferenzstatistik &amp; Metaanalysen; Design von Replikationsstudien; Open Science; Vermittlung von Open Science-Praktiken<\/em><\/p>\n\n\n\n<ul><li>Studium Fundamentale: Open Science und wissenschaftliches Arbeiten mit quantitativen Daten (DozentInnen: J. Asberger, B. Meder, S. Schunack)<\/li><\/ul>\n\n\n\n<h3>Bachelor Lehr-, Lern- und Trainingspsychologie<\/h3>\n\n\n\n<ul><li>Einf\u00fchrung in die Sozialpsychologie (DozentInnen: N. Haase)<\/li><li>Identit\u00e4t \u2013&nbsp;Ein Spannungsfeld&nbsp;in der Psychologie&nbsp;&amp; ihre Grenzen&nbsp;(DozentInnen: P. Radloff)<\/li><li>Konsumentenpsychologie (DozentInnen: N. Haase, A. Lang)<\/li><li>Lernen im sozialen Kontext (DozentInnen: L. A\u00dfmann,&nbsp;N. Haase, &nbsp;C. Johannes, A. Lang,&nbsp;A. Lehmann)<\/li><li>Organisationspsychologie (DozentInnen: N. Haase)<\/li><li>Spezielle Aspekte&nbsp;des Urteilens &amp;&nbsp;Entscheidens in&nbsp;wirtschaftlichen&nbsp;Kontexten, Organisationspsychologie (DozentInnen: A. Lang)<\/li><li>Statistik III (DozentInnen: F. Renkewitz)<br>Vertiefung P\u00e4dagogische Psychologie (DozentInnen: J. Schweppe)<\/li><\/ul>\n\n\n\n<h3>Bachelor Erziehungswissenschaft<\/h3>\n\n\n\n<ul><li>Einf\u00fchrung in die erziehungswissenschaftlichen Forschungsmethoden (DozentInnen: J. Bauer)<\/li><\/ul>\n\n\n\n<h3>Bachelor StaAtswissenschaften<\/h3>\n\n\n\n<ul><li>Methoden der empirischen Sozialforschung (DozentInnen: G. Mehlkop)<\/li><\/ul>\n\n\n\n<h3>Master Gesundheitskommunikation<\/h3>\n\n\n\n<ul><li>Einf\u00fchrung Psychologie (DozentInnen: C. Betsch)<\/li><li>Statistik (DozentInnen: F. Renkewitz)<\/li><\/ul>\n\n\n\n<h3>Master Erziehungswissenschaft<\/h3>\n\n\n\n<ul><li>Fortgeschrittene Statistik (DozentInnen: J. Bauer)<\/li><\/ul>\n\n\n\n<h3>Master PsYchologie<\/h3>\n\n\n\n<ul><li>Grundlagen &amp;&nbsp;spezifische Felder&nbsp;der Entscheidungs-&nbsp;&amp; Probleml\u00f6seforschung (DozentInnen: A. Lang)<\/li><li>Statistik (DozentInnen: F. Renkewitz, P. Schmid)<\/li><\/ul>\n","protected":false},"excerpt":{"rendered":"<p>Lehrveranstaltungen, in denen Open Science Praktiken in studentischen Arbeiten gefordert und umgesetzt wurden: zum Beispiel durch Pr\u00e4registrierung der Studie; Ver\u00f6ffentlichung der Pr\u00e4registrierung und\/oder Daten auf OSF; Durchf\u00fchrung einer Replikationsstudie wie CREP Bachelor Kommunikationswissenschaften Medienwirkungsforschung DIY (DozentInnen: C. Betsch) PSP (DozentInnen: &hellip; <a href=\"https:\/\/projekte.uni-erfurt.de\/efosi\/os-in-der-lehre\/\">Weiterlesen <span class=\"meta-nav\">&rarr;<\/span><\/a><\/p>\n","protected":false},"author":1,"featured_media":0,"parent":0,"menu_order":0,"comment_status":"closed","ping_status":"closed","template":"","meta":[],"_links":{"self":[{"href":"https:\/\/projekte.uni-erfurt.de\/efosi\/wp-json\/wp\/v2\/pages\/46"}],"collection":[{"href":"https:\/\/projekte.uni-erfurt.de\/efosi\/wp-json\/wp\/v2\/pages"}],"about":[{"href":"https:\/\/projekte.uni-erfurt.de\/efosi\/wp-json\/wp\/v2\/types\/page"}],"author":[{"embeddable":true,"href":"https:\/\/projekte.uni-erfurt.de\/efosi\/wp-json\/wp\/v2\/users\/1"}],"replies":[{"embeddable":true,"href":"https:\/\/projekte.uni-erfurt.de\/efosi\/wp-json\/wp\/v2\/comments?post=46"}],"version-history":[{"count":76,"href":"https:\/\/projekte.uni-erfurt.de\/efosi\/wp-json\/wp\/v2\/pages\/46\/revisions"}],"predecessor-version":[{"id":334,"href":"https:\/\/projekte.uni-erfurt.de\/efosi\/wp-json\/wp\/v2\/pages\/46\/revisions\/334"}],"wp:attachment":[{"href":"https:\/\/projekte.uni-erfurt.de\/efosi\/wp-json\/wp\/v2\/media?parent=46"}],"curies":[{"name":"wp","href":"https:\/\/api.w.org\/{rel}","templated":true}]}}