{"id":123,"date":"2020-10-29T13:36:20","date_gmt":"2020-10-29T12:36:20","guid":{"rendered":"https:\/\/projekte.uni-erfurt.de\/svstud\/?page_id=123"},"modified":"2021-01-22T16:04:14","modified_gmt":"2021-01-22T15:04:14","slug":"impressum","status":"publish","type":"page","link":"https:\/\/projekte.uni-erfurt.de\/svstud\/impressum\/","title":{"rendered":"Impressum"},"content":{"rendered":"\n<p><em>Die Website\u00a0<\/em><a rel=\"noreferrer noopener\" href=\"https:\/\/projekte.uni-erfurt.de\/svstud\/\" target=\"_blank\"><em>https:\/\/projekte.uni-erfurt.de\/svstud\/<\/em><\/a><em>\u00a0ist ein Gemeinschaftsprojekt der Professur f\u00fcr\u00a0Wirtschaftswissenschaften mit den Schwerpunkten Wirtschaftspolitik und Finanzwissenschaft (Universit\u00e4t Erfurt) und der Professur f\u00fcr Empirische Volkswirtschaftslehre (Technische Hochschule N\u00fcrnberg Georg Simon Ohm). Sie wird durch die\u00a0Universit\u00e4t Erfurt\u00a0betrieben.<\/em><\/p>\n\n\n\n<div style=\"height:25px\" aria-hidden=\"true\" class=\"wp-block-spacer\"><\/div>\n\n\n\n<p><strong><em>Inhaltlicher Verantwortlicher f\u00fcr diese Website<\/em><\/strong><\/p>\n\n\n\n<p>Prof. Dr. Oliver Himmler<br>Tel.: +49 361 737-4591<br>oliver.himmler@uni-erfurt.de<\/p>\n\n\n\n<div style=\"height:20px\" aria-hidden=\"true\" class=\"wp-block-spacer\"><\/div>\n\n\n\n<p><strong><em>Postanschrift<\/em><\/strong><\/p>\n\n\n\n<p>Universit\u00e4t Erfurt<br>Staatswissenschaftliche Fakult\u00e4t<br>Wirtschaftswissenschaften<br>Postfach 90 02 21<br>99105 Erfurt<\/p>\n\n\n\n<p>Die Universit\u00e4t Erfurt ist eine K\u00f6rperschaft des \u00f6ffentlichen Rechts.<br>Sie wird durch den Pr\u00e4sidenten der Universit\u00e4t Erfurt, Prof. Dr. Walter Bauer-Wabnegg, gesetzlich vertreten.<\/p>\n\n\n\n<p>USt-Id-Nr: DE 811 627 407<\/p>\n\n\n\n<div style=\"height:20px\" aria-hidden=\"true\" class=\"wp-block-spacer\"><\/div>\n\n\n\n<p><strong>Zust\u00e4ndige Aufsichtsbeh\u00f6rde<\/strong><\/p>\n\n\n\n<p>Th\u00fcringer Ministerium f\u00fcr Wirtschaft, Wissenschaft und Digitale Gesellschaft (TMWWDG)<br>Max-Reger-Stra\u00dfe 4-8<br>99096 Erfurt<\/p>\n\n\n\n<div style=\"height:25px\" aria-hidden=\"true\" class=\"wp-block-spacer\"><\/div>\n\n\n\n<p class=\"has-normal-font-size\"><strong>Haftungsausschluss<\/strong><\/p>\n\n\n\n<div style=\"height:20px\" aria-hidden=\"true\" class=\"wp-block-spacer\"><\/div>\n\n\n\n<p><strong>Haftung f\u00fcr Links<\/strong><\/p>\n\n\n\n<p>Unser Angebot enth\u00e4lt Links zu externen Webseiten Dritter, auf deren Inhalte wir keinen Einfluss haben. Deshalb k\u00f6nnen wir f\u00fcr diese fremden Inhalte auch keine Gew\u00e4hr \u00fcbernehmen. F\u00fcr die Inhalte der verlinkten Seiten ist stets der jeweilige Anbieter oder Betreiber der Seiten verantwortlich. Die verlinkten Seiten wurden zum Zeitpunkt der Verlinkung auf m\u00f6gliche Rechtsverst\u00f6\u00dfe \u00fcberpr\u00fcft. Rechtswidrige Inhalte waren zum Zeitpunkt der Verlinkung nicht erkennbar. Eine permanente inhaltliche Kontrolle der verlinkten Seiten ist jedoch ohne konkrete Anhaltspunkte einer Rechtsverletzung nicht zumutbar. Bei Bekanntwerden von Rechtsverletzungen werden wir derartige Links umgehend entfernen.<\/p>\n\n\n\n<p><strong>Urheberrecht<\/strong><\/p>\n\n\n\n<p>Die durch die Seitenbetreiber erstellten Inhalte und Werke auf diesen Seiten unterliegen dem deutschen Urheberrecht. Die Vervielf\u00e4ltigung, Bearbeitung, Verbreitung und jede Art der Verwertung au\u00dferhalb der Grenzen des Urheberrechtes bed\u00fcrfen der schriftlichen Zustimmung des jeweiligen Autors bzw. Erstellers. Downloads und Kopien dieser Seite sind nur f\u00fcr den privaten, nicht kommerziellen Gebrauch gestattet. Soweit die Inhalte auf dieser Seite nicht vom Betreiber erstellt wurden, werden die Urheberrechte Dritter beachtet. Insbesondere werden Inhalte Dritter als solche gekennzeichnet. Sollten Sie trotzdem auf eine Urheberrechtsverletzung aufmerksam werden, bitten wir um einen entsprechenden Hinweis. Bei Bekanntwerden von Rechtsverletzungen werden wir derartige Inhalte umgehend entfernen.<\/p>\n","protected":false},"excerpt":{"rendered":"<p>Die Website\u00a0https:\/\/projekte.uni-erfurt.de\/svstud\/\u00a0ist ein Gemeinschaftsprojekt der Professur f\u00fcr\u00a0Wirtschaftswissenschaften mit den Schwerpunkten Wirtschaftspolitik und Finanzwissenschaft (Universit\u00e4t Erfurt) und der Professur f\u00fcr Empirische Volkswirtschaftslehre (Technische Hochschule N\u00fcrnberg Georg Simon Ohm). Sie wird durch die\u00a0Universit\u00e4t Erfurt\u00a0betrieben. Inhaltlicher Verantwortlicher f\u00fcr diese Website Prof. Dr. Oliver HimmlerTel.: +49 361 737-4591oliver.himmler@uni-erfurt.de Postanschrift Universit\u00e4t ErfurtStaatswissenschaftliche Fakult\u00e4tWirtschaftswissenschaftenPostfach 90 02 2199105 Erfurt Die Universit\u00e4t Erfurt &hellip;<\/p>\n<p class=\"read-more\"> <a class=\"\" href=\"https:\/\/projekte.uni-erfurt.de\/svstud\/impressum\/\"> <span class=\"screen-reader-text\">Impressum<\/span> Read More &raquo;<\/a><\/p>\n","protected":false},"author":1,"featured_media":0,"parent":0,"menu_order":0,"comment_status":"closed","ping_status":"closed","template":"","meta":[],"_links":{"self":[{"href":"https:\/\/projekte.uni-erfurt.de\/svstud\/wp-json\/wp\/v2\/pages\/123"}],"collection":[{"href":"https:\/\/projekte.uni-erfurt.de\/svstud\/wp-json\/wp\/v2\/pages"}],"about":[{"href":"https:\/\/projekte.uni-erfurt.de\/svstud\/wp-json\/wp\/v2\/types\/page"}],"author":[{"embeddable":true,"href":"https:\/\/projekte.uni-erfurt.de\/svstud\/wp-json\/wp\/v2\/users\/1"}],"replies":[{"embeddable":true,"href":"https:\/\/projekte.uni-erfurt.de\/svstud\/wp-json\/wp\/v2\/comments?post=123"}],"version-history":[{"count":29,"href":"https:\/\/projekte.uni-erfurt.de\/svstud\/wp-json\/wp\/v2\/pages\/123\/revisions"}],"predecessor-version":[{"id":1315,"href":"https:\/\/projekte.uni-erfurt.de\/svstud\/wp-json\/wp\/v2\/pages\/123\/revisions\/1315"}],"wp:attachment":[{"href":"https:\/\/projekte.uni-erfurt.de\/svstud\/wp-json\/wp\/v2\/media?parent=123"}],"curies":[{"name":"wp","href":"https:\/\/api.w.org\/{rel}","templated":true}]}}